. Let d be v(z). Let p = 37 - d. What is the units digit of p?
9
Let x(f) = 166*f - 348. What is the units digit of x(8)?
0
Suppose -2*t = -t - 3. Suppose -t*n = -219 + 27. Suppose -3*d + n + 35 = 0. What is the tens digit of d?
3
Suppose 0 = -11*j + 9*j + 6. Suppose -3*i = -j*l + 18, -2 = -l + 2*i + 3. What is the units digit of l?
7
Let s be 2/3 + (-100)/15. What is the tens digit of 93 + 7/((-14)/s)?
9
Suppose -40*i = -44*i + 3984. What is the units digit of i?
6
Suppose -42*y + 15167 = -2893. What is the hundreds digit of y?
4
Let c(m) = -2*m**3 + 6*m**2 + 115*m + 51. What is the thousands digit of c(-10)?
1
Suppose 0*q - 4*q + 3*z + 223 = 0, 3*q + 3*z = 183. Let n = q - 25. What is the units digit of n?
3
Let i(t) = t**2 + 28. What is the hundreds digit of i(9)?
1
Suppose -2*v = -4*v + 6. Suppose -90 = -v*w - 3*j - 30, -71 = -4*w - j. What is the tens digit of w?
1
Suppose -22 = -2*m + 1248. What is the units digit of m?
5
Suppose 0 - 40 = 4*y. What is the units digit of (-4)/y*(-150)/(-20)?
3
Suppose 5 + 1 = 6*b. What is the units digit of 146*b/2 - -1?
4
Let v(w) = -7*w**3 + 4*w**2 + 2*w + 3. What is the units digit of v(-4)?
7
What is the hundreds digit of 7060/16 + (-2 - (-21)/12)?
4
Let o(n) = -n**2 - 4*n - 6. Let l be o(-6). Let i = -27 + 14. What is the units digit of (-106)/i - l/(-117)?
8
Let c(z) = z**3 + z**2 + 2*z + 1717. What is the units digit of c(0)?
7
Let s = 227 - -354. What is the units digit of s?
1
What is the tens digit of ((-51)/(-15))/((8/(-10))/(-4))?
1
Suppose 4*z - 2*a - 1056 = 0, 0 = a - 0 - 2. Suppose 5*x = 85 + z. What is the units digit of x?
0
Suppose 0 = 4*b - 22 + 2. Suppose -b*w + 2*w = -96. What is the tens digit of w?
3
Let m be (-1*5)/(11 - 10). Let z(b) = -b**3 + 4*b + 2. Let j be z(m). Let n = j + -64. What is the tens digit of n?
4
What is the thousands digit of (301/28 + -13)*2864/(-6)?
1
Suppose -2*l + 771 = 2*z - 7*z, -5*l + 1968 = z. What is the tens digit of l?
9
Suppose 3*p - q - 687 = 0, 2*p + 454 = 4*p - 2*q. Suppose -5*w + 15 = -p. What is the units digit of w?
9
Suppose -1562 = -3*y + 4*r, -4*y - r - 2*r = -2116. What is the tens digit of y?
2
Let h = 266 + 469. What is the tens digit of h?
3
Let z = -13 - -149. Suppose -4*n = -4*y + 552, -y + z + 1 = -2*n. What is the hundreds digit of y?
1
Suppose -533 = -h - 5*n, 6*h + 555 = 7*h - 6*n. What is the units digit of h?
3
Let c(t) = 224*t**2 + t - 2. What is the units digit of c(-1)?
1
Let d be (0 + 2)*51/34. Suppose 0 = 3*o + c + c - 205, -o - d*c + 66 = 0. Suppose 2*s - 51 = o. What is the units digit of s?
0
Let y(t) = t**2 + t + 2. Let x be y(-2). Suppose -7*n + x*n + 372 = 0. What is the tens digit of n?
2
Let i be (-6)/(-14) + (-8)/(-14). What is the units digit of (i - 2)/((-1)/18)?
8
Suppose 4*t = 3*y - 104, 0 = -y - 2*t - 6 + 34. What is the units digit of y?
2
Let p(s) = -s**3 + 9*s**2 - 5*s + 7. Let t be p(6). Suppose -m - 3*y = -211, -2*m + 313 + t = -2*y. What is the tens digit of m?
0
Let l(x) = -81*x - 393. What is the units digit of l(-35)?
2
Let g be 1 + -1*6/(-1). Let m be (-28)/(g/9 - 1). Suppose 8*i = m + 162. What is the tens digit of i?
3
Let f = -850 + 969. What is the units digit of f?
9
Let l = 15 - 15. Let q(u) = -2*u**3 + u - 85. Let m(b) = -3*b**3 + 2*b - 127. Let w(r) = 5*m(r) - 8*q(r). What is the tens digit of w(l)?
4
Suppose 4*j = -2*f + 6, 5*j = 4*f + 24 + 16. Suppose -p - 2*p - 24 = -2*d, -j*p = -2*d + 20. What is the tens digit of d?
1
Let t(a) = -a**3 - 5*a**2 - 3*a + 6. Let p be t(-5). Let d be (-2)/(-5) - p/15. Let c(v) = -26*v**3 - 2*v**2 + 1. What is the units digit of c(d)?
5
Let l(b) = 3*b**2 - 23*b - 34. What is the tens digit of l(11)?
7
Let f(v) = -7*v**3 + 2*v**2 - 11*v - 27. What is the units digit of f(-4)?
7
Let q(z) = 2*z - 35. Let r be q(7). What is the units digit of -1 - ((-6)/r - (-2454)/(-14))?
4
Suppose -6*x = -8*x + 24. What is the units digit of (-100)/x*-3 - 0?
5
What is the units digit of (1 + 5/(-2))/(60/(-10160))?
4
Suppose -2*n = -3*t - 7 - 13, -10 = 5*t. Suppose u = -n + 6. What is the tens digit of (-1)/(u/(-58)*-2)?
2
Let v(x) = 44 - 81 + 35*x + 40. What is the tens digit of v(1)?
3
Let l = -8 - 16. Let v be ((-18)/(-3))/(6/44). Let z = l + v. What is the tens digit of z?
2
Let j = 42 - 40. Suppose -j*g = 116 - 342. What is the units digit of g?
3
What is the thousands digit of ((-77)/(-4 + 11))/((-2)/274)?
1
Let q = -22 - -38. Let z be (q/(-4) + -2)/2. Let x(j) = -j + 8. What is the tens digit of x(z)?
1
Let g(l) = 12*l**2 + 5*l + 30. What is the hundreds digit of g(-7)?
5
Let g = -13 + 12. Let m be g/(-2)*0/5. Suppose -4*b + 9*b - 100 = m. What is the units digit of b?
0
Let p = -199 + 235. What is the units digit of p?
6
Let l = 22 - 16. Let k(j) = -j + 8. Let h be k(l). Suppose 131 = -h*t + 7*t + 2*w, w = 3. What is the tens digit of t?
2
What is the hundreds digit of -1 + (1*-12)/((-38)/5833)?
8
What is the units digit of 2995/20 - 4 - (-12)/(-16)?
5
Suppose -4*u + 2272 = -4*q, -3*u - 905 = 4*q - 2602. What is the units digit of u?
7
Let f = 1541 - -128. What is the units digit of f?
9
Let m be (-5 + 7)*(0 - -11). Suppose -2*t + 3*x = -2*x - 26, -2*t + m = -4*x. Let y(r) = -r**2 + 2*r + 4. What is the units digit of y(t)?
1
What is the hundreds digit of 5/(10/2728) + 71 + -77?
3
Let b be (6 + -7)/((-2)/(-30)). Let v = 26 - b. Suppose 0 = -2*k + 13 + v. What is the units digit of k?
7
Let a(j) = 50*j**3 + j**2 + 32*j - 78. What is the hundreds digit of a(4)?
2
Let q(p) = 5*p**2 - 4*p - 18. What is the hundreds digit of q(7)?
1
Let i be 5*(4/(-4) + 2). Suppose -l + 45 = -2*q, 4*l = -l + i*q + 235. What is the units digit of (-5)/10 - l/(-2)?
4
Suppose -4*s + 12 - 4 = 0. Suppose -w = -2*k + 2, s*w = -4*k - 3 - 1. Let a(p) = -6*p + 1. What is the units digit of a(w)?
3
What is the hundreds digit of (-12)/(-32) - (-223434)/144?
5
Suppose 447 + 701 = 4*x - p, 287 = x + p. What is the tens digit of x?
8
Let z be (-3 + 2 - 1)/((-2)/43). What is the tens digit of z + (6 + -2 - 8)?
3
Suppose -3*b = -3*l + 10050, 0 = -178*b + 183*b + 20. What is the units digit of l?
6
Let m = 25 + -23. Suppose -m*d + 44 = -160. Suppose -d = -4*q - 2*z, 2*z + 25 = q - 8. What is the units digit of q?
7
Suppose 3*z = 5*s + 38, 4*s - 17 + 51 = 3*z. Let n be 124/z*27/6. What is the tens digit of (-3)/(-6)*(-1 + n)?
4
Suppose -3*c + 8*c - 8576 = -3*d, -4*d = 2*c - 3422. What is the thousands digit of c?
1
Suppose -317 = -v - 4*q + 42, 5*v + 2*q = 1759. What is the hundreds digit of v?
3
Let v(s) = s**3 - 12*s**2 + 9*s + 22. Let o be v(11). Suppose 2*x = -o*x + 260. What is the tens digit of x?
3
Let w(q) = -q**3 + 11*q**2 + 10*q + 17. Let n be w(12). Let i = n - -101. What is the units digit of i?
4
Suppose -3*t + 12 = -7*t. Let b(i) = -67*i + 4. What is the tens digit of b(t)?
0
Suppose 2740 = 5*a - 6*c + 8*c, a - 4*c - 526 = 0. What is the units digit of a?
6
Suppose 5*g - 10 = 3*g. Let j = 0 + g. Suppose 2*h - j*h + 189 = 0. What is the tens digit of h?
6
Let h(q) = -q**3 + 32*q**2 + 40*q - 47. What is the hundreds digit of h(13)?
6
Suppose 40*h + h = 61664. What is the thousands digit of h?
1
Suppose 4*q + 5*t = -0*t + 487, 3*t = -15. Let o = 8 + q. What is the tens digit of o?
3
Suppose -i + i = -4*i. Suppose 4*c - a - 152 = i, -c + 2*a + 19 = -3*a. What is the tens digit of c?
3
Let v be (-156)/15*(-30)/4. Suppose 4*o - 170 = v. What is the units digit of o?
2
Let w(u) = -u**2 - 4*u. Let k be w(4). Let b be ((-3)/5)/(5/(-450)). Let h = b + k. What is the units digit of h?
2
Suppose 12*b - 130 = 11*b. What is the units digit of b?
0
Let y(s) = -64*s + 124. What is the units digit of y(-52)?
2
Let g(u) = -u**2 + 93*u - 78. What is the tens digit of g(52)?
5
Let i be (3/12*0)/2. Suppose d = 3 - i, 3 = 4*r - 3*d. Suppose -f = -r*f + 60. What is the units digit of f?
0
Suppose -7 - 24 = -3*y - 4*w, -2*w + 2 = 0. Suppose 1430 = y*r - 280. What is the tens digit of r?
9
Suppose 5 = -4*t + 13. Suppose 5*k + 190 = 5*z, 3*k + t*z = 2*k - 44. What is the units digit of ((-6)/5)/(6/k)?
8
Suppose 3*o + 3*x = 2160, -x = 6*o - 2*o - 2871. What is the units digit of o?
7
Suppose -4*t - 2*r = -1494, 5*r + 2108 = 4*t + 607. What is the units digit of t?
4
Suppose -5*s + 43 = -17. What is the units digit of (9